{"id":1322,"date":"2012-02-22T10:38:24","date_gmt":"2012-02-22T08:38:24","guid":{"rendered":"http:\/\/www.tehnopan.com\/w\/?page_id=1322"},"modified":"2024-06-20T10:31:12","modified_gmt":"2024-06-20T08:31:12","slug":"sefar-nytal-sinteticka-pletiva-sita-za-sijanje","status":"publish","type":"page","link":"https:\/\/www.tehnopan.com\/w\/korisno\/sefar-nytal-sinteticka-pletiva-sita-za-sijanje\/","title":{"rendered":"SEFAR NYTAL &#8211; sinteti\u010dka pletiva &#8211; sita za sijanje"},"content":{"rendered":"<p>U ovom PDF-u pogledajte\u00a0<a href=\"http:\/\/tehnopan.com\/w\/wp-content\/uploads\/2012\/02\/SEFAR-mlinovi.pdf\">SEFAR NYTAL &#8211; sinteti\u010dka pletiva<\/a> &#8211; sita za sijanje za upotrebu u mlinskoj i sli\u010dnim industrijama sa karakteristikama pojedinih pletiva, filter materijala, ure\u0111aja za napinjanje &#8211; natezanje &#8211; &#8220;\u0161pananje&#8221; sita, kao i pribor za iste.<\/p>\n<p><a href=\"http:\/\/tehnopan.com\/w\/wp-content\/uploads\/2012\/02\/sefar-nitex.pdf\">SEFAR NITEX<\/a> sinteti\u010dka pletiva i sita za sijanje i filteri za uporabu u prehrambenoj industriji, kemiji i farmaceutici, industriji lijekova.<\/p>\n","protected":false},"excerpt":{"rendered":"<p>U ovom PDF-u pogledajte\u00a0SEFAR NYTAL &#8211; sinteti\u010dka pletiva &#8211; sita za sijanje za upotrebu u mlinskoj i sli\u010dnim industrijama sa karakteristikama pojedinih pletiva, filter materijala, ure\u0111aja za napinjanje &#8211; natezanje &#8211; &#8220;\u0161pananje&#8221; sita, kao i pribor za iste. SEFAR NITEX sinteti\u010dka pletiva i sita za sijanje i filteri za uporabu u prehrambenoj industriji, kemiji i&#8230;<\/p>\n","protected":false},"author":7,"featured_media":0,"parent":204,"menu_order":0,"comment_status":"closed","ping_status":"closed","template":"","meta":{"_monsterinsights_skip_tracking":false,"_monsterinsights_sitenote_active":false,"_monsterinsights_sitenote_note":"","_monsterinsights_sitenote_category":0,"footnotes":""},"tags":[43,68,44],"class_list":["post-1322","page","type-page","status-publish","hentry","tag-sefar","tag-sijanje","tag-svila"],"aioseo_notices":[],"_links":{"self":[{"href":"https:\/\/www.tehnopan.com\/w\/wp-json\/wp\/v2\/pages\/1322"}],"collection":[{"href":"https:\/\/www.tehnopan.com\/w\/wp-json\/wp\/v2\/pages"}],"about":[{"href":"https:\/\/www.tehnopan.com\/w\/wp-json\/wp\/v2\/types\/page"}],"author":[{"embeddable":true,"href":"https:\/\/www.tehnopan.com\/w\/wp-json\/wp\/v2\/users\/7"}],"replies":[{"embeddable":true,"href":"https:\/\/www.tehnopan.com\/w\/wp-json\/wp\/v2\/comments?post=1322"}],"version-history":[{"count":3,"href":"https:\/\/www.tehnopan.com\/w\/wp-json\/wp\/v2\/pages\/1322\/revisions"}],"predecessor-version":[{"id":2862,"href":"https:\/\/www.tehnopan.com\/w\/wp-json\/wp\/v2\/pages\/1322\/revisions\/2862"}],"up":[{"embeddable":true,"href":"https:\/\/www.tehnopan.com\/w\/wp-json\/wp\/v2\/pages\/204"}],"wp:attachment":[{"href":"https:\/\/www.tehnopan.com\/w\/wp-json\/wp\/v2\/media?parent=1322"}],"wp:term":[{"taxonomy":"post_tag","embeddable":true,"href":"https:\/\/www.tehnopan.com\/w\/wp-json\/wp\/v2\/tags?post=1322"}],"curies":[{"name":"wp","href":"https:\/\/api.w.org\/{rel}","templated":true}]}}