{"id":948,"date":"2010-09-13T12:12:19","date_gmt":"2010-09-13T10:12:19","guid":{"rendered":"http:\/\/www.tehnopan.com\/w\/"},"modified":"2013-11-05T14:45:13","modified_gmt":"2013-11-05T12:45:13","slug":"prostorni-kut-2","status":"publish","type":"page","link":"https:\/\/www.tehnopan.com\/w\/korisno\/prostorni-kut-2\/","title":{"rendered":"Prostorni kut"},"content":{"rendered":"<table style=\"width: 341px;\" border=\"0\" cellspacing=\"0\" cellpadding=\"0\">\n<colgroup>\n<col width=\"33\" \/>\n<col span=\"11\" width=\"28\" \/><\/colgroup>\n<tbody>\n<tr>\n<td width=\"33\" height=\"13\"><\/td>\n<td width=\"28\">35\u00b0<\/td>\n<td width=\"28\">40\u00b0<\/td>\n<td width=\"28\">45\u00b0<\/td>\n<td width=\"28\">50\u00b0<\/td>\n<td width=\"28\">55\u00b0<\/td>\n<td width=\"28\">60\u00b0<\/td>\n<td width=\"28\">65\u00b0<\/td>\n<td width=\"28\">70\u00b0<\/td>\n<td width=\"28\">75\u00b0<\/td>\n<td width=\"28\">80\u00b0<\/td>\n<td width=\"28\">85\u00b0<\/td>\n<\/tr>\n<tr>\n<td height=\"13\"><\/td>\n<td><\/td>\n<td><\/td>\n<td><\/td>\n<td><\/td>\n<td><\/td>\n<td><\/td>\n<td><\/td>\n<td><\/td>\n<td><\/td>\n<td><\/td>\n<td><\/td>\n<\/tr>\n<tr>\n<td height=\"13\">10\u00b0<\/td>\n<td>10<\/td>\n<td>10<\/td>\n<td>10<\/td>\n<td>10<\/td>\n<td>10<\/td>\n<td>10<\/td>\n<td>10<\/td>\n<td>10<\/td>\n<td>10<\/td>\n<td>10<\/td>\n<td>10<\/td>\n<\/tr>\n<tr>\n<td height=\"13\">15\u00b0<\/td>\n<td>14<\/td>\n<td>14<\/td>\n<td>15<\/td>\n<td>15<\/td>\n<td>15<\/td>\n<td>15<\/td>\n<td>15<\/td>\n<td>15<\/td>\n<td>15<\/td>\n<td>15<\/td>\n<td>15<\/td>\n<\/tr>\n<tr>\n<td height=\"13\">20\u00b0<\/td>\n<td>18<\/td>\n<td>18<\/td>\n<td>19<\/td>\n<td>19<\/td>\n<td>19<\/td>\n<td>20<\/td>\n<td>20<\/td>\n<td>20<\/td>\n<td>20<\/td>\n<td>20<\/td>\n<td>20<\/td>\n<\/tr>\n<tr>\n<td height=\"13\">25\u00b0<\/td>\n<td>20<\/td>\n<td>22<\/td>\n<td>23<\/td>\n<td>23<\/td>\n<td>24<\/td>\n<td>24<\/td>\n<td>24<\/td>\n<td>25<\/td>\n<td>25<\/td>\n<td>25<\/td>\n<td>25<\/td>\n<\/tr>\n<tr>\n<td height=\"13\">30\u00b0<\/td>\n<td>23<\/td>\n<td>25<\/td>\n<td>26<\/td>\n<td>27<\/td>\n<td>28<\/td>\n<td>29<\/td>\n<td>29<\/td>\n<td>29<\/td>\n<td>30<\/td>\n<td>30<\/td>\n<td>30<\/td>\n<\/tr>\n<tr>\n<td height=\"13\">35\u00b0<\/td>\n<td>26<\/td>\n<td>28<\/td>\n<td>30<\/td>\n<td>31<\/td>\n<td>32<\/td>\n<td>33<\/td>\n<td>33<\/td>\n<td>34<\/td>\n<td>34<\/td>\n<td>35<\/td>\n<td>35<\/td>\n<\/tr>\n<tr>\n<td height=\"13\">40\u00b0<\/td>\n<td><\/td>\n<td>31<\/td>\n<td>33<\/td>\n<td>34<\/td>\n<td>35<\/td>\n<td>37<\/td>\n<td>37<\/td>\n<td>38<\/td>\n<td>39<\/td>\n<td>40<\/td>\n<td>40<\/td>\n<\/tr>\n<tr>\n<td height=\"13\">45\u00b0<\/td>\n<td><\/td>\n<td><\/td>\n<td>35<\/td>\n<td>37<\/td>\n<td>39<\/td>\n<td>41<\/td>\n<td>42<\/td>\n<td>43<\/td>\n<td>44<\/td>\n<td>44<\/td>\n<td>45<\/td>\n<\/tr>\n<tr>\n<td height=\"13\">50\u00b0<\/td>\n<td><\/td>\n<td><\/td>\n<td><\/td>\n<td>40<\/td>\n<td>42<\/td>\n<td>45<\/td>\n<td>46<\/td>\n<td>48<\/td>\n<td>49<\/td>\n<td>49<\/td>\n<td>50<\/td>\n<\/tr>\n<tr>\n<td height=\"13\">55\u00b0<\/td>\n<td><\/td>\n<td><\/td>\n<td><\/td>\n<td><\/td>\n<td>45<\/td>\n<td>48<\/td>\n<td>50<\/td>\n<td>52<\/td>\n<td>53<\/td>\n<td>54<\/td>\n<td>55<\/td>\n<\/tr>\n<tr>\n<td height=\"13\">60\u00b0<\/td>\n<td><\/td>\n<td><\/td>\n<td><\/td>\n<td><\/td>\n<td><\/td>\n<td>51<\/td>\n<td>53<\/td>\n<td>56<\/td>\n<td>58<\/td>\n<td>59<\/td>\n<td>60<\/td>\n<\/tr>\n<tr>\n<td height=\"13\">65\u00b0<\/td>\n<td><\/td>\n<td><\/td>\n<td><\/td>\n<td><\/td>\n<td><\/td>\n<td><\/td>\n<td>57<\/td>\n<td>59<\/td>\n<td>62<\/td>\n<td>64<\/td>\n<td>65<\/td>\n<\/tr>\n<tr>\n<td height=\"13\">70\u00b0<\/td>\n<td><\/td>\n<td><\/td>\n<td><\/td>\n<td><\/td>\n<td><\/td>\n<td><\/td>\n<td><\/td>\n<td>63<\/td>\n<td>66<\/td>\n<td>68<\/td>\n<td>69<\/td>\n<\/tr>\n<tr>\n<td height=\"13\">75\u00b0<\/td>\n<td><\/td>\n<td><\/td>\n<td><\/td>\n<td><\/td>\n<td><\/td>\n<td><\/td>\n<td><\/td>\n<td><\/td>\n<td>69<\/td>\n<td>72<\/td>\n<td>74<\/td>\n<\/tr>\n<tr>\n<td height=\"13\">80\u00b0<\/td>\n<td><\/td>\n<td><\/td>\n<td><\/td>\n<td><\/td>\n<td><\/td>\n<td><\/td>\n<td><\/td>\n<td><\/td>\n<td><\/td>\n<td>76<\/td>\n<td>79<\/td>\n<\/tr>\n<tr>\n<td height=\"13\">85\u00b0<\/td>\n<td><\/td>\n<td><\/td>\n<td><\/td>\n<td><\/td>\n<td><\/td>\n<td><\/td>\n<td><\/td>\n<td><\/td>\n<td><\/td>\n<td><\/td>\n<td>83<\/td>\n<\/tr>\n<\/tbody>\n<\/table>\n<p>&nbsp;<\/p>\n<p>Kako bi bili sigurni da \u0107e materijal kliziti ili istjecati iz \u0107elije, morate znati prostorni kut koji nastaje na sudaru dvaju kosina lijevka \u0107elije ili spremnika. Poznate su vam kosine &#8220;A&#8221; i &#8220;B&#8221; , a iz prilo\u017eene tablice dobijate prostorni kut na mjestu sudara strana. Naravno da morate poznavati i minimalni kut istjecanja za medij (vidi <a href=\"http:\/\/www.tehnopan.com\/w\/korisno\/specificne-tezine-materijala-medija\/\">Tablicu specifi\u010dnih te\u017eina<\/a> i kutova).<\/p>\n","protected":false},"excerpt":{"rendered":"<p>35\u00b0 40\u00b0 45\u00b0 50\u00b0 55\u00b0 60\u00b0 65\u00b0 70\u00b0 75\u00b0 80\u00b0 85\u00b0 10\u00b0 10 10 10 10 10 10 10 10 10 10 10 15\u00b0 14 14 15 15 15 15 15 15 15 15 15 20\u00b0 18 18 19 19 19 20 20 20 20 20 20 25\u00b0 20 22 23 23 24 24 24&#8230;<\/p>\n","protected":false},"author":7,"featured_media":0,"parent":204,"menu_order":0,"comment_status":"closed","ping_status":"open","template":"","meta":{"_monsterinsights_skip_tracking":false,"_monsterinsights_sitenote_active":false,"_monsterinsights_sitenote_note":"","_monsterinsights_sitenote_category":0,"footnotes":""},"tags":[],"class_list":["post-948","page","type-page","status-publish","hentry"],"aioseo_notices":[],"_links":{"self":[{"href":"https:\/\/www.tehnopan.com\/w\/wp-json\/wp\/v2\/pages\/948"}],"collection":[{"href":"https:\/\/www.tehnopan.com\/w\/wp-json\/wp\/v2\/pages"}],"about":[{"href":"https:\/\/www.tehnopan.com\/w\/wp-json\/wp\/v2\/types\/page"}],"author":[{"embeddable":true,"href":"https:\/\/www.tehnopan.com\/w\/wp-json\/wp\/v2\/users\/7"}],"replies":[{"embeddable":true,"href":"https:\/\/www.tehnopan.com\/w\/wp-json\/wp\/v2\/comments?post=948"}],"version-history":[{"count":0,"href":"https:\/\/www.tehnopan.com\/w\/wp-json\/wp\/v2\/pages\/948\/revisions"}],"up":[{"embeddable":true,"href":"https:\/\/www.tehnopan.com\/w\/wp-json\/wp\/v2\/pages\/204"}],"wp:attachment":[{"href":"https:\/\/www.tehnopan.com\/w\/wp-json\/wp\/v2\/media?parent=948"}],"wp:term":[{"taxonomy":"post_tag","embeddable":true,"href":"https:\/\/www.tehnopan.com\/w\/wp-json\/wp\/v2\/tags?post=948"}],"curies":[{"name":"wp","href":"https:\/\/api.w.org\/{rel}","templated":true}]}}